2*q + 2 + 2*q**3. Let d be i(2). Suppose u - 2*u = -4*s + 3, -25 = -5*s - 3*u. Calculate the highest common factor of s and d.
2
Suppose 5*x - 4*t - 57 - 3 = 0, 0 = -5*t. Suppose 2*q = -3*q + 10. Let k(g) = 3*g**2 - g + 2. Let a be k(q). Calculate the highest common divisor of a and x.
12
Suppose -7*s + 177 + 117 = 0. What is the highest common factor of s and 14?
14
Let m(g) = 125*g - 5. Let q be m(4). Suppose -q = 6*v - 11*v. Calculate the greatest common factor of 9 and v.
9
Let t(w) = 3*w**2 - 15*w + 3. Let b be t(5). Let v(c) = c**2 + 3*c + 3. Let h be v(-2). Calculate the highest common divisor of h and b.
1
Let u be (-5628)/(-35) - 2/(-10). Suppose 5*f - 279 = u. Calculate the highest common factor of f and 11.
11
Let d(w) = w**2 + 4*w + 4. Let n be d(-4). Suppose -n*a + 112 = 8. Calculate the highest common divisor of a and 13.
13
Suppose -4*m = -4*k - m + 357, -k + 94 = 4*m. Let u = -277 + 287. Calculate the highest common divisor of u and k.
10
Suppose -3*t + 10 = -35. What is the greatest common factor of 5 and t?
5
Let s be 42/(-8)*(-160)/60. What is the highest common divisor of 112 and s?
14
Let h = 1 - -2. Let p = h - -1. Calculate the greatest common divisor of p and 44.
4
Let p be (-86)/(-6) + (-4)/(-6). Let t = -211 - -39. Let g = t - -292. Calculate the greatest common divisor of p and g.
15
Let j(v) = 0 - 1 - v**2 + 14*v - 18*v. Let k be j(-3). What is the highest common divisor of k and 2?
2
Let m(p) = -18*p - 3 + 3 + 3 + 1. Let x be m(-6). What is the greatest common divisor of 14 and x?
14
Suppose -4*z = 5*n - 68, 0 = -3*z - 4*n + 21 + 31. Suppose 0 = -6*k + 5*k + z. Suppose -5 = 5*i - 20. Calculate the greatest common divisor of i and k.
3
Let g(n) = -3*n**2 + 2*n - 3. Let j be g(3). Let d be 5/((-45)/j)*3. Let a = d - 4. Calculate the highest common divisor of 20 and a.
4
Let a = 19 + 58. Let o(s) = s**2 - 12*s + 22. Let x be o(11). Calculate the greatest common factor of a and x.
11
Suppose 0 = 2*d - 3 - 19. Calculate the highest common factor of d and 55.
11
Suppose -2*j + 26 = 2. Let f = 20 - -3. Let i = f - 11. Calculate the greatest common divisor of i and j.
12
Suppose 37 = 3*m - 41. Let d = 48 - m. What is the greatest common factor of d and 154?
22
Suppose -26 - 59 = -4*s + 5*w, 4*s - 2*w = 94. Calculate the greatest common factor of 10 and s.
5
Let i(k) = 90*k**3 - k**2 + 2*k - 1. Let g be i(1). Calculate the greatest common factor of g and 10.
10
Let s = -24 + 32. Calculate the highest common divisor of s and 80.
8
Suppose h = 112 + 66. Let d = h - 126. Suppose 8 + 69 = 4*l - q, 4*l + 4*q = d. Calculate the greatest common factor of 9 and l.
9
Let u be (66/10)/(9/225). Calculate the highest common factor of 33 and u.
33
Suppose -4*k + 30 = 3*h + 1, 4*k = 3*h - 13. Let m = 9 + 40. What is the greatest common divisor of m and h?
7
Let d(g) = -g - 1. Let z be d(-3). Let x(h) = -h**3 + 16*h**2 - 17*h + 32. Let f be x(15). What is the greatest common factor of z and f?
2
Let i(p) = p**2 - 7*p - 13. Let f be i(9). Let a = 6 - 2. Let v(t) = 4*t**2 - 5*t + 1. Let n be v(a). Calculate the greatest common divisor of n and f.
5
Let y be 9/6 + 75/6. What is the highest common factor of y and 154?
14
Let g(c) = -5*c - 7. Let f be g(-7). What is the highest common divisor of f and 70?
14
Suppose 0 = -p + 4*p - 9. Suppose -p*r = n - 109, -13 - 116 = -n + 2*r. Calculate the highest common divisor of 11 and n.
11
Let s(p) = 19*p**3 - 2*p**2 + 2*p - 5. Let l be s(2). Calculate the highest common divisor of 13 and l.
13
Let r(o) be the third derivative of -o**4/3 + o**3/6 - 4*o**2. Let m be r(-1). Calculate the highest common factor of 99 and m.
9
Let a(s) = s**3 - 8*s**2 + 2*s - 8. Let y be a(8). What is the highest common factor of y and 2?
2
Let t(n) = n**2 + 13*n - 18. Let c be t(-15). Calculate the greatest common divisor of c and 4.
4
Suppose 5*o + 3*c - 17 = 0, 5*o + 2 - 11 = -c. What is the greatest common factor of 7 and o?
1
Let k be (-4 + 5)/(1/6). Let w be ((-44)/(-3))/(4/k). What is the highest common factor of w and 44?
22
Let r be 2 - 10/(-1 - 0). Let i(w) = w**3 - 15*w**2 + 25*w + 31. Let c be i(13). What is the greatest common factor of r and c?
6
Let l be 39 + -4 + 5 + 0. Calculate the greatest common factor of l and 100.
20
Let a be 6/10 + 4/10. Let g be (-1)/1*a + 11. What is the greatest common factor of g and 25?
5
Let n = 47 - 28. What is the greatest common factor of 19 and n?
19
Suppose s - 3*s + 36 = w, -2*w = -s + 23. Calculate the greatest common factor of s and 1.
1
Suppose 6*x - 198 = 5*x. What is the highest common factor of x and 18?
18
Suppose 0 = -m - l - l + 65, -3*m = 3*l - 180. Calculate the highest common factor of 5 and m.
5
Suppose -p + 126 = 4*l - 275, 0 = -5*l - 2*p + 502. Calculate the greatest common factor of l and 25.
25
Let x be (0 - 1) + -1 + -24. Let c = x + 49. Suppose s = 4*m + 1, 5*s + 2*m - c = 4*m. Calculate the highest common factor of s and 45.
5
Suppose 9*w = 1950 + 507. Calculate the highest common divisor of 21 and w.
21
Let t(u) = -7*u**3 - u**2 - u + 2. Let m be t(-3). What is the highest common factor of m and 37?
37
Let a(f) be the first derivative of -20*f**2 - 3*f - 1. Let q = 22 + -25. Let b be a(q). Calculate the highest common divisor of 13 and b.
13
Let i(h) = 4*h**3 - 2*h - 2. Let m(j) = j + 13. Let k be m(-10). Let n be i(k). Calculate the highest common divisor of n and 40.
20
Let m be (-5 + 10)*(1 + 0). What is the highest common factor of 50 and m?
5
Let j(b) = b - 6. Let y be j(9). Suppose -y*h - h = 0. Suppose 28 = 3*s - 4*u, h = s + 2*s + 5*u - 46. Calculate the highest common divisor of s and 48.
12
Let l = -86 + 132. Calculate the highest common divisor of l and 23.
23
Let i be (2 + -10)*(-4)/2. Suppose -168 = -5*o - 48. What is the greatest common factor of o and i?
8
Let l be 3/12 + (-149)/4. Let w = -21 - l. Calculate the highest common divisor of w and 24.
8
Let w be 21/15 + (-4)/10. Let n be 2*w*(4 - 5). Let r = 13 - n. Calculate the greatest common divisor of 6 and r.
3
Suppose -4*o - 7 = -5*t, -o + 7 = 4*o - t. Let x = 28 + o. What is the highest common factor of x and 20?
10
Let t be ((-24)/(-20))/((-6)/(-200)). Suppose -i = 3*i - t. Calculate the highest common divisor of 70 and i.
10
Suppose c = 3*r + 35 + 13, 116 = 3*c - 2*r. Calculate the greatest common factor of 324 and c.
36
Let d be (-4 + 4 + 2)*13. Calculate the greatest common divisor of 2 and d.
2
Let y be 54/1 - (-5 + 10 + -5). Calculate the highest common factor of 27 and y.
27
Let k = 12 - -38. Calculate the greatest common divisor of k and 20.
10
Suppose 2*q = -2*i + 141 + 49, -q + 89 = 3*i. What is the highest common factor of q and 28?
14
Let j = 2 - 0. Let q(a) = a**2 + 11*a + 12. Let t(m) = -m - 1. Let c(h) = q(h) + 5*t(h). Let b be c(-7). Calculate the greatest common factor of b and j.
2
Let w be (36/8)/((-2)/(-4)). Suppose 0 = w*r - 14*r + 45. What is the highest common factor of r and 36?
9
Suppose 5*c - 40 = -2*j, -13 = 2*c + 2*j - 7*j. Calculate the greatest common factor of c and 24.
6
Suppose c = -3*c + 2*t + 8, -9 = -5*c + 3*t. Let v be (2/c)/((-3)/(-117)). Calculate the highest common factor of 286 and v.
26
Suppose 0 = -k + 14 - 1. Let s(t) = 22*t**2 - 4*t - 5. Let x be s(-2). What is the highest common factor of k and x?
13
Let d(z) = z**2 + 9*z + 20. Let b be d(-15). What is the highest common factor of b and 10?
10
Let r(t) be the first derivative of 7/3*t**3 + 5*t + 3*t**2 - 3 + 1/4*t**4. Let i be r(-6). What is the highest common divisor of i and 15?
5
Let v(y) = y**2 + y - 17. Let f be v(8). Calculate the greatest common divisor of 22 and f.
11
Suppose 44 = 5*p - 31. What is the greatest common factor of 10 and p?
5
Suppose 5*a - 1815 = -0*a. Suppose -3*m = -a + 138. Suppose 40 = 2*u + 2*j, -3*j - 2*j = 4*u - m. What is the highest common factor of 5 and u?
5
Let m = -8 - -11. Let c(b) = 2*b**2 - 2*b + 4. Let g be c(m). Calculate the highest common divisor of 48 and g.
16
Let c = -4 + 8. Suppose 0 = -h - c + 16. Calculate the greatest common divisor of 108 and h.
12
Suppose 2*p - 150 = -18. What is the highest common divisor of 6 and p?
6
Let z(y) = 13*y**2 - 8*y - 1. Let g be z(4). Suppose 7*s - g = 2*s. Calculate the highest common factor of 14 and s